{"id":303,"date":"2017-02-04T15:00:32","date_gmt":"2017-02-04T20:00:32","guid":{"rendered":"http:\/\/cpecheznouschezvous.org\/?page_id=303"},"modified":"2022-09-28T14:18:27","modified_gmt":"2022-09-28T18:18:27","slug":"notre-cpe","status":"publish","type":"page","link":"https:\/\/cpecheznouschezvous.org\/?page_id=303","title":{"rendered":"Notre CPE"},"content":{"rendered":"<p>En 1977, une garderie communautaire est cr\u00e9\u00e9e dans le quartier Villeray, par des parents et des \u00e9ducatrices. En 1999, la garderie se transforme en un centre de la petite enfance, le CPE Chez-nous chez-vous. Le CPE est reconnu et subventionn\u00e9 par un minist\u00e8re qu\u00e9b\u00e9cois qui d\u00e9cerne les permis et \u00e9tablit les r\u00e8gles de fonctionnement dans la <a href=\"https:\/\/www.quebec.ca\/gouv\/ministere\/famille\/lois-et-reglements\/\" target=\"_blank\" rel=\"noopener\">Loi sur les services de garde \u00e9ducatifs \u00e0 l\u2019enfance et les r\u00e8glements adopt\u00e9s<\/a> en vertu de cette loi.<\/p>\n<p>Nous sommes une corporation sans but lucratif. Quand un enfant est accept\u00e9 au CPE, les parents en deviennent membres. La participation des membres est essentielle \u00e0 notre bon fonctionnement. \u00c9lu par l\u2019assembl\u00e9e g\u00e9n\u00e9rale des membres, un conseil d\u2019administration, compos\u00e9 majoritairement de parents et de quelques membres de notre personnel, a la responsabilit\u00e9 d\u2019administrer la corporation et de prendre les d\u00e9cisions \u00e0 cet effet. Les r\u00e8gles du fonctionnement d\u00e9mocratique du CPE sont pr\u00e9vues dans les <a href=\"https:\/\/cpecheznouschezvous.org\/site_public\/wp-content\/uploads\/2022\/R\u00e8glements-g\u00e9n\u00e9raux-septembre-2022.pdf\" target=\"_blank\" rel=\"noopener\">R\u00e8glements g\u00e9n\u00e9raux<\/a>.<\/p>\n<p>Les parents utilisateurs des services de garde du CPE acceptent aussi de participer \u00e0 la vie du CPE et de respecter les r\u00e8gles de son fonctionnement quotidien pr\u00e9vues dans le document <a href=\"https:\/\/cpecheznouschezvous.org\/site_public\/wp-content\/uploads\/2022\/R%c3%a9gie%20interne%202022.pdf\" target=\"_blank\" rel=\"noopener\">R\u00e8gles de r\u00e9gie interne<\/a>.<\/p>\n","protected":false},"excerpt":{"rendered":"<p>En 1977, une garderie communautaire est cr\u00e9\u00e9e dans le quartier Villeray, par des parents et des \u00e9ducatrices. En 1999, la garderie se transforme en un centre de la petite enfance, le CPE Chez-nous chez-vous. Le CPE est reconnu et subventionn\u00e9 par un minist\u00e8re qu\u00e9b\u00e9cois qui d\u00e9cerne les permis et \u00e9tablit les r\u00e8gles de fonctionnement dans <a class=\"read-more\" href=\"https:\/\/cpecheznouschezvous.org\/?page_id=303\">Read More<\/a><\/p>\n","protected":false},"author":4,"featured_media":336,"parent":0,"menu_order":0,"comment_status":"closed","ping_status":"closed","template":"","meta":{"_exactmetrics_skip_tracking":false,"_exactmetrics_sitenote_active":false,"_exactmetrics_sitenote_note":"","_exactmetrics_sitenote_category":0,"footnotes":""},"yoast_head":"<!-- This site is optimized with the Yoast SEO plugin v21.1 - https:\/\/yoast.com\/wordpress\/plugins\/seo\/ -->\n<title>Notre CPE -<\/title>\n<meta name=\"robots\" content=\"index, follow, max-snippet:-1, max-image-preview:large, max-video-preview:-1\" \/>\n<link rel=\"canonical\" href=\"https:\/\/cpecheznouschezvous.org\/?page_id=303\" \/>\n<meta property=\"og:locale\" content=\"fr_FR\" \/>\n<meta property=\"og:type\" content=\"article\" \/>\n<meta property=\"og:title\" content=\"Notre CPE -\" \/>\n<meta property=\"og:description\" content=\"En 1977, une garderie communautaire est cr\u00e9\u00e9e dans le quartier Villeray, par des parents et des \u00e9ducatrices. En 1999, la garderie se transforme en un centre de la petite enfance, le CPE Chez-nous chez-vous. Le CPE est reconnu et subventionn\u00e9 par un minist\u00e8re qu\u00e9b\u00e9cois qui d\u00e9cerne les permis et \u00e9tablit les r\u00e8gles de fonctionnement dans Read More\" \/>\n<meta property=\"og:url\" content=\"https:\/\/cpecheznouschezvous.org\/?page_id=303\" \/>\n<meta property=\"article:modified_time\" content=\"2022-09-28T18:18:27+00:00\" \/>\n<meta property=\"og:image\" content=\"https:\/\/cpecheznouschezvous.org\/site_public\/wp-content\/uploads\/2017\/02\/dessin-d-enfant.gif\" \/>\n\t<meta property=\"og:image:width\" content=\"1500\" \/>\n\t<meta property=\"og:image:height\" content=\"300\" \/>\n\t<meta property=\"og:image:type\" content=\"image\/gif\" \/>\n<meta name=\"twitter:card\" content=\"summary_large_image\" \/>\n<meta name=\"twitter:label1\" content=\"Dur\u00e9e de lecture estim\u00e9e\" \/>\n\t<meta name=\"twitter:data1\" content=\"1 minute\" \/>\n<script type=\"application\/ld+json\" class=\"yoast-schema-graph\">{\"@context\":\"https:\/\/schema.org\",\"@graph\":[{\"@type\":\"WebPage\",\"@id\":\"https:\/\/cpecheznouschezvous.org\/?page_id=303\",\"url\":\"https:\/\/cpecheznouschezvous.org\/?page_id=303\",\"name\":\"Notre CPE -\",\"isPartOf\":{\"@id\":\"https:\/\/cpecheznouschezvous.org\/#website\"},\"datePublished\":\"2017-02-04T20:00:32+00:00\",\"dateModified\":\"2022-09-28T18:18:27+00:00\",\"breadcrumb\":{\"@id\":\"https:\/\/cpecheznouschezvous.org\/?page_id=303#breadcrumb\"},\"inLanguage\":\"fr-FR\",\"potentialAction\":[{\"@type\":\"ReadAction\",\"target\":[\"https:\/\/cpecheznouschezvous.org\/?page_id=303\"]}]},{\"@type\":\"BreadcrumbList\",\"@id\":\"https:\/\/cpecheznouschezvous.org\/?page_id=303#breadcrumb\",\"itemListElement\":[{\"@type\":\"ListItem\",\"position\":1,\"name\":\"Home\",\"item\":\"https:\/\/cpecheznouschezvous.org\/\"},{\"@type\":\"ListItem\",\"position\":2,\"name\":\"Notre CPE\"}]},{\"@type\":\"WebSite\",\"@id\":\"https:\/\/cpecheznouschezvous.org\/#website\",\"url\":\"https:\/\/cpecheznouschezvous.org\/\",\"name\":\"\",\"description\":\"CPE Chez-nous chez-vous, au coeur de Villeray.\",\"potentialAction\":[{\"@type\":\"SearchAction\",\"target\":{\"@type\":\"EntryPoint\",\"urlTemplate\":\"https:\/\/cpecheznouschezvous.org\/?s={search_term_string}\"},\"query-input\":\"required name=search_term_string\"}],\"inLanguage\":\"fr-FR\"}]}<\/script>\n<!-- \/ Yoast SEO plugin. -->","yoast_head_json":{"title":"Notre CPE -","robots":{"index":"index","follow":"follow","max-snippet":"max-snippet:-1","max-image-preview":"max-image-preview:large","max-video-preview":"max-video-preview:-1"},"canonical":"https:\/\/cpecheznouschezvous.org\/?page_id=303","og_locale":"fr_FR","og_type":"article","og_title":"Notre CPE -","og_description":"En 1977, une garderie communautaire est cr\u00e9\u00e9e dans le quartier Villeray, par des parents et des \u00e9ducatrices. En 1999, la garderie se transforme en un centre de la petite enfance, le CPE Chez-nous chez-vous. Le CPE est reconnu et subventionn\u00e9 par un minist\u00e8re qu\u00e9b\u00e9cois qui d\u00e9cerne les permis et \u00e9tablit les r\u00e8gles de fonctionnement dans Read More","og_url":"https:\/\/cpecheznouschezvous.org\/?page_id=303","article_modified_time":"2022-09-28T18:18:27+00:00","og_image":[{"width":1500,"height":300,"url":"https:\/\/cpecheznouschezvous.org\/site_public\/wp-content\/uploads\/2017\/02\/dessin-d-enfant.gif","type":"image\/gif"}],"twitter_card":"summary_large_image","twitter_misc":{"Dur\u00e9e de lecture estim\u00e9e":"1 minute"},"schema":{"@context":"https:\/\/schema.org","@graph":[{"@type":"WebPage","@id":"https:\/\/cpecheznouschezvous.org\/?page_id=303","url":"https:\/\/cpecheznouschezvous.org\/?page_id=303","name":"Notre CPE -","isPartOf":{"@id":"https:\/\/cpecheznouschezvous.org\/#website"},"datePublished":"2017-02-04T20:00:32+00:00","dateModified":"2022-09-28T18:18:27+00:00","breadcrumb":{"@id":"https:\/\/cpecheznouschezvous.org\/?page_id=303#breadcrumb"},"inLanguage":"fr-FR","potentialAction":[{"@type":"ReadAction","target":["https:\/\/cpecheznouschezvous.org\/?page_id=303"]}]},{"@type":"BreadcrumbList","@id":"https:\/\/cpecheznouschezvous.org\/?page_id=303#breadcrumb","itemListElement":[{"@type":"ListItem","position":1,"name":"Home","item":"https:\/\/cpecheznouschezvous.org\/"},{"@type":"ListItem","position":2,"name":"Notre CPE"}]},{"@type":"WebSite","@id":"https:\/\/cpecheznouschezvous.org\/#website","url":"https:\/\/cpecheznouschezvous.org\/","name":"","description":"CPE Chez-nous chez-vous, au coeur de Villeray.","potentialAction":[{"@type":"SearchAction","target":{"@type":"EntryPoint","urlTemplate":"https:\/\/cpecheznouschezvous.org\/?s={search_term_string}"},"query-input":"required name=search_term_string"}],"inLanguage":"fr-FR"}]}},"_links":{"self":[{"href":"https:\/\/cpecheznouschezvous.org\/index.php?rest_route=\/wp\/v2\/pages\/303"}],"collection":[{"href":"https:\/\/cpecheznouschezvous.org\/index.php?rest_route=\/wp\/v2\/pages"}],"about":[{"href":"https:\/\/cpecheznouschezvous.org\/index.php?rest_route=\/wp\/v2\/types\/page"}],"author":[{"embeddable":true,"href":"https:\/\/cpecheznouschezvous.org\/index.php?rest_route=\/wp\/v2\/users\/4"}],"replies":[{"embeddable":true,"href":"https:\/\/cpecheznouschezvous.org\/index.php?rest_route=%2Fwp%2Fv2%2Fcomments&post=303"}],"version-history":[{"count":16,"href":"https:\/\/cpecheznouschezvous.org\/index.php?rest_route=\/wp\/v2\/pages\/303\/revisions"}],"predecessor-version":[{"id":666,"href":"https:\/\/cpecheznouschezvous.org\/index.php?rest_route=\/wp\/v2\/pages\/303\/revisions\/666"}],"wp:featuredmedia":[{"embeddable":true,"href":"https:\/\/cpecheznouschezvous.org\/index.php?rest_route=\/wp\/v2\/media\/336"}],"wp:attachment":[{"href":"https:\/\/cpecheznouschezvous.org\/index.php?rest_route=%2Fwp%2Fv2%2Fmedia&parent=303"}],"curies":[{"name":"wp","href":"https:\/\/api.w.org\/{rel}","templated":true}]}}