{"id":599,"date":"2021-05-20T13:43:14","date_gmt":"2021-05-20T17:43:14","guid":{"rendered":"http:\/\/cpecheznouschezvous.org\/?page_id=599"},"modified":"2022-01-05T13:10:47","modified_gmt":"2022-01-05T18:10:47","slug":"notre-liste-dattente","status":"publish","type":"page","link":"https:\/\/cpecheznouschezvous.org\/?page_id=599","title":{"rendered":"Notre liste d\u2019attente"},"content":{"rendered":"<p><strong>Pour obtenir une place au CPE Chez-nous chez-vous, vous devez inscrire votre enfant au guichet unique\u00a0<a href=\"https:\/\/www.laplace0-5.com\/\" target=\"_blank\" rel=\"noopener\">La place 0-5<\/a>. Seuls les enfants inscrits sur la liste d\u2019attente de <a href=\"https:\/\/www.laplace0-5.com\/\" target=\"_blank\" rel=\"noopener\">La Place 0-5<\/a> peuvent \u00eatre admis au CPE.<\/strong><\/p>\n<p>Le CPE ayant plusieurs installations, une priorit\u00e9 est accord\u00e9e aux enfants d\u00e9j\u00e0 inscrits lorsqu\u2019un changement d\u2019installation est souhait\u00e9 par le parent, en autant que l\u2019enfant ait l\u2019\u00e2ge correspondant \u00e0 la place disponible<\/p>\n<p>Pour la <a href=\"https:\/\/cpecheznouschezvous.org\/site_public\/wp-content\/uploads\/2022\/Politique%20de%20gestion%20de%20la%20liste%20d'attente%202022.pdf\" target=\"_blank\" rel=\"noopener\">gestion de notre liste d\u2019attente<\/a>, le CPE respecte les directives minist\u00e9rielles ainsi que la Charte des droits et libert\u00e9s de la personne. Aucun enfant ne peut \u00eatre refus\u00e9 ou d\u00e9plac\u00e9 dans la liste d\u2019attente sur la base des motifs de discrimination \u00e9num\u00e9r\u00e9s \u00e0 l\u2019article 10 de la Charte (L.R.Q. c. C-12 \u2013 Art 10). Toutefois, l\u2019\u00e2ge est une caract\u00e9ristique dont il doit \u00eatre tenu compte dans la constitution des groupes d\u2019enfants afin de respecter les ratios impos\u00e9s par la loi.<\/p>\n<p>Les places sont offertes selon l\u2019anciennet\u00e9 d\u2019inscription sur la liste centralis\u00e9e. N\u00e9anmoins, une priorit\u00e9 est accord\u00e9e\u00a0:<\/p>\n<ul>\n<li>Aux enfants du personnel, en autant que l\u2019enfant ait l\u2019\u00e2ge correspondant \u00e0 la place libre\u00a0;<\/li>\n<li>\u00c0 la fratrie, en autant que l\u2019enfant ait l\u2019\u00e2ge correspondant \u00e0 la place libre; \u00c9galement, le fr\u00e8re ou la s\u0153ur ain\u00e9e doit fr\u00e9quenter le CPE au moment de l\u2019offre d\u2019une place. Dans les cas o\u00f9 plusieurs enfants sont \u00e9ligibles pour combler une place, la priorit\u00e9 est accord\u00e9e en fonction de la date d\u2019inscription de l\u2019enfant \u00e0 la Place 0-5;<\/li>\n<li>Aux enfants provenant d\u2019une client\u00e8le d\u00e9favoris\u00e9e\u00a0;<\/li>\n<li>Aux enfants dont les parents r\u00e9sident dans les secteurs ayant les codes postaux\u00a0H2R, H2P, H2E, H2G, H2S, H2N et H2M.<\/li>\n<\/ul>\n<p>Selon les r\u00e8gles du minist\u00e8re, pour qu\u2019une admission soit valide, il faut que le parent utilise le service de garde d\u00e8s le moment o\u00f9 il lui est offert. La place doit \u00eatre occup\u00e9e physiquement d\u00e8s l\u2019inscription. Aucun d\u00e9lai ne peut \u00eatre accept\u00e9.<\/p>\n","protected":false},"excerpt":{"rendered":"<p>Pour obtenir une place au CPE Chez-nous chez-vous, vous devez inscrire votre enfant au guichet unique\u00a0La place 0-5. Seuls les enfants inscrits sur la liste d\u2019attente de La Place 0-5 peuvent \u00eatre admis au CPE. Le CPE ayant plusieurs installations, une priorit\u00e9 est accord\u00e9e aux enfants d\u00e9j\u00e0 inscrits lorsqu\u2019un changement d\u2019installation est souhait\u00e9 par le <a class=\"read-more\" href=\"https:\/\/cpecheznouschezvous.org\/?page_id=599\">Read More<\/a><\/p>\n","protected":false},"author":7,"featured_media":337,"parent":0,"menu_order":0,"comment_status":"closed","ping_status":"closed","template":"","meta":{"_exactmetrics_skip_tracking":false,"_exactmetrics_sitenote_active":false,"_exactmetrics_sitenote_note":"","_exactmetrics_sitenote_category":0,"footnotes":""},"yoast_head":"<!-- This site is optimized with the Yoast SEO plugin v21.1 - https:\/\/yoast.com\/wordpress\/plugins\/seo\/ -->\n<title>Notre liste d\u2019attente -<\/title>\n<meta name=\"robots\" content=\"index, follow, max-snippet:-1, max-image-preview:large, max-video-preview:-1\" \/>\n<link rel=\"canonical\" href=\"https:\/\/cpecheznouschezvous.org\/?page_id=599\" \/>\n<meta property=\"og:locale\" content=\"fr_FR\" \/>\n<meta property=\"og:type\" content=\"article\" \/>\n<meta property=\"og:title\" content=\"Notre liste d\u2019attente -\" \/>\n<meta property=\"og:description\" content=\"Pour obtenir une place au CPE Chez-nous chez-vous, vous devez inscrire votre enfant au guichet unique\u00a0La place 0-5. Seuls les enfants inscrits sur la liste d\u2019attente de La Place 0-5 peuvent \u00eatre admis au CPE. Le CPE ayant plusieurs installations, une priorit\u00e9 est accord\u00e9e aux enfants d\u00e9j\u00e0 inscrits lorsqu\u2019un changement d\u2019installation est souhait\u00e9 par le Read More\" \/>\n<meta property=\"og:url\" content=\"https:\/\/cpecheznouschezvous.org\/?page_id=599\" \/>\n<meta property=\"article:modified_time\" content=\"2022-01-05T18:10:47+00:00\" \/>\n<meta property=\"og:image\" content=\"https:\/\/cpecheznouschezvous.org\/site_public\/wp-content\/uploads\/2017\/02\/mains0d-enfant.gif\" \/>\n\t<meta property=\"og:image:width\" content=\"1500\" \/>\n\t<meta property=\"og:image:height\" content=\"300\" \/>\n\t<meta property=\"og:image:type\" content=\"image\/gif\" \/>\n<meta name=\"twitter:card\" content=\"summary_large_image\" \/>\n<meta name=\"twitter:label1\" content=\"Dur\u00e9e de lecture estim\u00e9e\" \/>\n\t<meta name=\"twitter:data1\" content=\"2 minutes\" \/>\n<script type=\"application\/ld+json\" class=\"yoast-schema-graph\">{\"@context\":\"https:\/\/schema.org\",\"@graph\":[{\"@type\":\"WebPage\",\"@id\":\"https:\/\/cpecheznouschezvous.org\/?page_id=599\",\"url\":\"https:\/\/cpecheznouschezvous.org\/?page_id=599\",\"name\":\"Notre liste d\u2019attente -\",\"isPartOf\":{\"@id\":\"https:\/\/cpecheznouschezvous.org\/#website\"},\"datePublished\":\"2021-05-20T17:43:14+00:00\",\"dateModified\":\"2022-01-05T18:10:47+00:00\",\"breadcrumb\":{\"@id\":\"https:\/\/cpecheznouschezvous.org\/?page_id=599#breadcrumb\"},\"inLanguage\":\"fr-FR\",\"potentialAction\":[{\"@type\":\"ReadAction\",\"target\":[\"https:\/\/cpecheznouschezvous.org\/?page_id=599\"]}]},{\"@type\":\"BreadcrumbList\",\"@id\":\"https:\/\/cpecheznouschezvous.org\/?page_id=599#breadcrumb\",\"itemListElement\":[{\"@type\":\"ListItem\",\"position\":1,\"name\":\"Home\",\"item\":\"https:\/\/cpecheznouschezvous.org\/\"},{\"@type\":\"ListItem\",\"position\":2,\"name\":\"Notre liste d\u2019attente\"}]},{\"@type\":\"WebSite\",\"@id\":\"https:\/\/cpecheznouschezvous.org\/#website\",\"url\":\"https:\/\/cpecheznouschezvous.org\/\",\"name\":\"\",\"description\":\"CPE Chez-nous chez-vous, au coeur de Villeray.\",\"potentialAction\":[{\"@type\":\"SearchAction\",\"target\":{\"@type\":\"EntryPoint\",\"urlTemplate\":\"https:\/\/cpecheznouschezvous.org\/?s={search_term_string}\"},\"query-input\":\"required name=search_term_string\"}],\"inLanguage\":\"fr-FR\"}]}<\/script>\n<!-- \/ Yoast SEO plugin. -->","yoast_head_json":{"title":"Notre liste d\u2019attente -","robots":{"index":"index","follow":"follow","max-snippet":"max-snippet:-1","max-image-preview":"max-image-preview:large","max-video-preview":"max-video-preview:-1"},"canonical":"https:\/\/cpecheznouschezvous.org\/?page_id=599","og_locale":"fr_FR","og_type":"article","og_title":"Notre liste d\u2019attente -","og_description":"Pour obtenir une place au CPE Chez-nous chez-vous, vous devez inscrire votre enfant au guichet unique\u00a0La place 0-5. Seuls les enfants inscrits sur la liste d\u2019attente de La Place 0-5 peuvent \u00eatre admis au CPE. Le CPE ayant plusieurs installations, une priorit\u00e9 est accord\u00e9e aux enfants d\u00e9j\u00e0 inscrits lorsqu\u2019un changement d\u2019installation est souhait\u00e9 par le Read More","og_url":"https:\/\/cpecheznouschezvous.org\/?page_id=599","article_modified_time":"2022-01-05T18:10:47+00:00","og_image":[{"width":1500,"height":300,"url":"https:\/\/cpecheznouschezvous.org\/site_public\/wp-content\/uploads\/2017\/02\/mains0d-enfant.gif","type":"image\/gif"}],"twitter_card":"summary_large_image","twitter_misc":{"Dur\u00e9e de lecture estim\u00e9e":"2 minutes"},"schema":{"@context":"https:\/\/schema.org","@graph":[{"@type":"WebPage","@id":"https:\/\/cpecheznouschezvous.org\/?page_id=599","url":"https:\/\/cpecheznouschezvous.org\/?page_id=599","name":"Notre liste d\u2019attente -","isPartOf":{"@id":"https:\/\/cpecheznouschezvous.org\/#website"},"datePublished":"2021-05-20T17:43:14+00:00","dateModified":"2022-01-05T18:10:47+00:00","breadcrumb":{"@id":"https:\/\/cpecheznouschezvous.org\/?page_id=599#breadcrumb"},"inLanguage":"fr-FR","potentialAction":[{"@type":"ReadAction","target":["https:\/\/cpecheznouschezvous.org\/?page_id=599"]}]},{"@type":"BreadcrumbList","@id":"https:\/\/cpecheznouschezvous.org\/?page_id=599#breadcrumb","itemListElement":[{"@type":"ListItem","position":1,"name":"Home","item":"https:\/\/cpecheznouschezvous.org\/"},{"@type":"ListItem","position":2,"name":"Notre liste d\u2019attente"}]},{"@type":"WebSite","@id":"https:\/\/cpecheznouschezvous.org\/#website","url":"https:\/\/cpecheznouschezvous.org\/","name":"","description":"CPE Chez-nous chez-vous, au coeur de Villeray.","potentialAction":[{"@type":"SearchAction","target":{"@type":"EntryPoint","urlTemplate":"https:\/\/cpecheznouschezvous.org\/?s={search_term_string}"},"query-input":"required name=search_term_string"}],"inLanguage":"fr-FR"}]}},"_links":{"self":[{"href":"https:\/\/cpecheznouschezvous.org\/index.php?rest_route=\/wp\/v2\/pages\/599"}],"collection":[{"href":"https:\/\/cpecheznouschezvous.org\/index.php?rest_route=\/wp\/v2\/pages"}],"about":[{"href":"https:\/\/cpecheznouschezvous.org\/index.php?rest_route=\/wp\/v2\/types\/page"}],"author":[{"embeddable":true,"href":"https:\/\/cpecheznouschezvous.org\/index.php?rest_route=\/wp\/v2\/users\/7"}],"replies":[{"embeddable":true,"href":"https:\/\/cpecheznouschezvous.org\/index.php?rest_route=%2Fwp%2Fv2%2Fcomments&post=599"}],"version-history":[{"count":6,"href":"https:\/\/cpecheznouschezvous.org\/index.php?rest_route=\/wp\/v2\/pages\/599\/revisions"}],"predecessor-version":[{"id":651,"href":"https:\/\/cpecheznouschezvous.org\/index.php?rest_route=\/wp\/v2\/pages\/599\/revisions\/651"}],"wp:featuredmedia":[{"embeddable":true,"href":"https:\/\/cpecheznouschezvous.org\/index.php?rest_route=\/wp\/v2\/media\/337"}],"wp:attachment":[{"href":"https:\/\/cpecheznouschezvous.org\/index.php?rest_route=%2Fwp%2Fv2%2Fmedia&parent=599"}],"curies":[{"name":"wp","href":"https:\/\/api.w.org\/{rel}","templated":true}]}}