{"id":661,"date":"2022-09-28T13:57:16","date_gmt":"2022-09-28T17:57:16","guid":{"rendered":"http:\/\/cpecheznouschezvous.org\/?page_id=661"},"modified":"2023-09-13T15:17:44","modified_gmt":"2023-09-13T19:17:44","slug":"gestion-renseignements-personnels","status":"publish","type":"page","link":"https:\/\/cpecheznouschezvous.org\/?page_id=661","title":{"rendered":"Notre gestion des renseignements personnels"},"content":{"rendered":"<p><strong>Notre gestion des renseignements personnels<\/strong><\/p>\n<p>Le CPE Chez-nous chez-vous adopte des pratiques respectueuses de la protection et de la confidentialit\u00e9 des renseignements personnels que nous d\u00e9tenons sur les parents et les enfants inscrits au CPE ainsi que sur notre personnel. C\u2019est la Commission d\u2019acc\u00e8s \u00e0 l\u2019information qui a le mandat d\u2019encadrer l\u2019application de la\u00a0<a href=\"https:\/\/www.canlii.org\/fr\/qc\/legis\/lois\/lrq-c-p-39.1\/derniere\/lrq-c-p-39.1.html\"><em>Loi sur la protection des renseignements personnels dans le secteur priv\u00e9<\/em><\/a> \u00e0 laquelle sont soumis les centres de la petite enfance. Si un incident \u00e9ventuel de manquement \u00e0 la confidentialit\u00e9 conduit \u00e0 un pr\u00e9judice s\u00e9rieux, les personnes concern\u00e9es ainsi que la Commission en sont inform\u00e9es.<\/p>\n<p><strong>Une politique sp\u00e9cifique<\/strong><\/p>\n<p>Une <em><a href=\"https:\/\/cpecheznouschezvous.org\/site_public\/wp-content\/uploads\/2023\/09\/Politique-renseignements-personnels-2023.pdf#loi-renseignements-personnels\" target=\"_blank\" rel=\"noopener\"><u>Politique sur la gestion, la protection et la confidentialit\u00e9 des renseignements personnels<\/u><\/a><\/em> a \u00e9t\u00e9 adopt\u00e9e par le conseil d\u2019administration du CPE. Elle d\u00e9crit les normes de collecte, d&rsquo;utilisation, de communication et de conservation des renseignements personnels afin d\u2019en assurer la protection et la confidentialit\u00e9. Les r\u00e8gles suppl\u00e9mentaires r\u00e9gissant la confidentialit\u00e9 lors de la collecte de renseignements personnels par un moyen technologique y sont pr\u00e9cis\u00e9es. La <a href=\"https:\/\/cpecheznouschezvous.org\/site_public\/wp-content\/uploads\/2023\/09\/Politique-de-traitement-des-plaintes-Septembre-2023.pdf\" target=\"_blank\" rel=\"noopener\"><em><u>Politique de traitement des plaintes<\/u><\/em><\/a> du CPE peut \u00eatre utilis\u00e9e pour des plaintes relatives \u00e0 la protection de ceux-ci.<\/p>\n<p><strong>Une personne responsable <\/strong><\/p>\n<p>Afin d\u2019assurer la gestion interne des obligations de la loi, le conseil d\u2019administration a nomm\u00e9 la direction g\u00e9n\u00e9rale du CPE comme \u00e9tant la personne responsable de la protection des renseignements personnels. Ses coordonn\u00e9es sont pr\u00e9sentes sur chacune des pages de notre site internet.<\/p>\n<p><strong>Notre site internet<\/strong><\/p>\n<p>Notre site internet est un site informatif et non transactionnel. \u00c0 ce titre, aucune collecte de renseignements personnels n\u2019y est faite et aucun t\u00e9moin de connexion (\u00ab\u00a0cookie\u00a0\u00bb) n\u2019est utilis\u00e9.<\/p>\n<p>Le CPE offre quelques liens vers des sites internet de tiers mais n\u2019est pas responsable de l\u2019application de leur propre politique sur la protection des renseignements personnels ni des virus ou autres parasites de nature destructrice qui pourraient y \u00eatre pr\u00e9sents.<\/p>\n<p>Le CPE ne garantit pas que le site ou son contenu ne seront pas l\u2019objet d\u2019interruptions ou d\u2019erreurs, que les d\u00e9fauts \u00e9ventuels seront corrig\u00e9s, ni que le site ou le serveur qui l\u2019h\u00e9berge sont libres de virus ou d\u2019autres \u00e9l\u00e9ments nuisibles.<\/p>\n","protected":false},"excerpt":{"rendered":"<p>Notre gestion des renseignements personnels Le CPE Chez-nous chez-vous adopte des pratiques respectueuses de la protection et de la confidentialit\u00e9 des renseignements personnels que nous d\u00e9tenons sur les parents et les enfants inscrits au CPE ainsi que sur notre personnel. C\u2019est la Commission d\u2019acc\u00e8s \u00e0 l\u2019information qui a le mandat d\u2019encadrer l\u2019application de la\u00a0Loi sur <a class=\"read-more\" href=\"https:\/\/cpecheznouschezvous.org\/?page_id=661\">Read More<\/a><\/p>\n","protected":false},"author":1,"featured_media":0,"parent":0,"menu_order":0,"comment_status":"closed","ping_status":"closed","template":"","meta":{"_exactmetrics_skip_tracking":false,"_exactmetrics_sitenote_active":false,"_exactmetrics_sitenote_note":"","_exactmetrics_sitenote_category":0,"footnotes":""},"yoast_head":"<!-- This site is optimized with the Yoast SEO plugin v21.1 - https:\/\/yoast.com\/wordpress\/plugins\/seo\/ -->\n<title>Notre gestion des renseignements personnels -<\/title>\n<meta name=\"robots\" content=\"index, follow, max-snippet:-1, max-image-preview:large, max-video-preview:-1\" \/>\n<link rel=\"canonical\" href=\"https:\/\/cpecheznouschezvous.org\/?page_id=661\" \/>\n<meta property=\"og:locale\" content=\"fr_FR\" \/>\n<meta property=\"og:type\" content=\"article\" \/>\n<meta property=\"og:title\" content=\"Notre gestion des renseignements personnels -\" \/>\n<meta property=\"og:description\" content=\"Notre gestion des renseignements personnels Le CPE Chez-nous chez-vous adopte des pratiques respectueuses de la protection et de la confidentialit\u00e9 des renseignements personnels que nous d\u00e9tenons sur les parents et les enfants inscrits au CPE ainsi que sur notre personnel. C\u2019est la Commission d\u2019acc\u00e8s \u00e0 l\u2019information qui a le mandat d\u2019encadrer l\u2019application de la\u00a0Loi sur Read More\" \/>\n<meta property=\"og:url\" content=\"https:\/\/cpecheznouschezvous.org\/?page_id=661\" \/>\n<meta property=\"article:modified_time\" content=\"2023-09-13T19:17:44+00:00\" \/>\n<meta name=\"twitter:card\" content=\"summary_large_image\" \/>\n<meta name=\"twitter:label1\" content=\"Dur\u00e9e de lecture estim\u00e9e\" \/>\n\t<meta name=\"twitter:data1\" content=\"2 minutes\" \/>\n<script type=\"application\/ld+json\" class=\"yoast-schema-graph\">{\"@context\":\"https:\/\/schema.org\",\"@graph\":[{\"@type\":\"WebPage\",\"@id\":\"https:\/\/cpecheznouschezvous.org\/?page_id=661\",\"url\":\"https:\/\/cpecheznouschezvous.org\/?page_id=661\",\"name\":\"Notre gestion des renseignements personnels -\",\"isPartOf\":{\"@id\":\"https:\/\/cpecheznouschezvous.org\/#website\"},\"datePublished\":\"2022-09-28T17:57:16+00:00\",\"dateModified\":\"2023-09-13T19:17:44+00:00\",\"breadcrumb\":{\"@id\":\"https:\/\/cpecheznouschezvous.org\/?page_id=661#breadcrumb\"},\"inLanguage\":\"fr-FR\",\"potentialAction\":[{\"@type\":\"ReadAction\",\"target\":[\"https:\/\/cpecheznouschezvous.org\/?page_id=661\"]}]},{\"@type\":\"BreadcrumbList\",\"@id\":\"https:\/\/cpecheznouschezvous.org\/?page_id=661#breadcrumb\",\"itemListElement\":[{\"@type\":\"ListItem\",\"position\":1,\"name\":\"Home\",\"item\":\"https:\/\/cpecheznouschezvous.org\/\"},{\"@type\":\"ListItem\",\"position\":2,\"name\":\"Notre gestion des renseignements personnels\"}]},{\"@type\":\"WebSite\",\"@id\":\"https:\/\/cpecheznouschezvous.org\/#website\",\"url\":\"https:\/\/cpecheznouschezvous.org\/\",\"name\":\"\",\"description\":\"CPE Chez-nous chez-vous, au coeur de Villeray.\",\"potentialAction\":[{\"@type\":\"SearchAction\",\"target\":{\"@type\":\"EntryPoint\",\"urlTemplate\":\"https:\/\/cpecheznouschezvous.org\/?s={search_term_string}\"},\"query-input\":\"required name=search_term_string\"}],\"inLanguage\":\"fr-FR\"}]}<\/script>\n<!-- \/ Yoast SEO plugin. -->","yoast_head_json":{"title":"Notre gestion des renseignements personnels -","robots":{"index":"index","follow":"follow","max-snippet":"max-snippet:-1","max-image-preview":"max-image-preview:large","max-video-preview":"max-video-preview:-1"},"canonical":"https:\/\/cpecheznouschezvous.org\/?page_id=661","og_locale":"fr_FR","og_type":"article","og_title":"Notre gestion des renseignements personnels -","og_description":"Notre gestion des renseignements personnels Le CPE Chez-nous chez-vous adopte des pratiques respectueuses de la protection et de la confidentialit\u00e9 des renseignements personnels que nous d\u00e9tenons sur les parents et les enfants inscrits au CPE ainsi que sur notre personnel. C\u2019est la Commission d\u2019acc\u00e8s \u00e0 l\u2019information qui a le mandat d\u2019encadrer l\u2019application de la\u00a0Loi sur Read More","og_url":"https:\/\/cpecheznouschezvous.org\/?page_id=661","article_modified_time":"2023-09-13T19:17:44+00:00","twitter_card":"summary_large_image","twitter_misc":{"Dur\u00e9e de lecture estim\u00e9e":"2 minutes"},"schema":{"@context":"https:\/\/schema.org","@graph":[{"@type":"WebPage","@id":"https:\/\/cpecheznouschezvous.org\/?page_id=661","url":"https:\/\/cpecheznouschezvous.org\/?page_id=661","name":"Notre gestion des renseignements personnels -","isPartOf":{"@id":"https:\/\/cpecheznouschezvous.org\/#website"},"datePublished":"2022-09-28T17:57:16+00:00","dateModified":"2023-09-13T19:17:44+00:00","breadcrumb":{"@id":"https:\/\/cpecheznouschezvous.org\/?page_id=661#breadcrumb"},"inLanguage":"fr-FR","potentialAction":[{"@type":"ReadAction","target":["https:\/\/cpecheznouschezvous.org\/?page_id=661"]}]},{"@type":"BreadcrumbList","@id":"https:\/\/cpecheznouschezvous.org\/?page_id=661#breadcrumb","itemListElement":[{"@type":"ListItem","position":1,"name":"Home","item":"https:\/\/cpecheznouschezvous.org\/"},{"@type":"ListItem","position":2,"name":"Notre gestion des renseignements personnels"}]},{"@type":"WebSite","@id":"https:\/\/cpecheznouschezvous.org\/#website","url":"https:\/\/cpecheznouschezvous.org\/","name":"","description":"CPE Chez-nous chez-vous, au coeur de Villeray.","potentialAction":[{"@type":"SearchAction","target":{"@type":"EntryPoint","urlTemplate":"https:\/\/cpecheznouschezvous.org\/?s={search_term_string}"},"query-input":"required name=search_term_string"}],"inLanguage":"fr-FR"}]}},"_links":{"self":[{"href":"https:\/\/cpecheznouschezvous.org\/index.php?rest_route=\/wp\/v2\/pages\/661"}],"collection":[{"href":"https:\/\/cpecheznouschezvous.org\/index.php?rest_route=\/wp\/v2\/pages"}],"about":[{"href":"https:\/\/cpecheznouschezvous.org\/index.php?rest_route=\/wp\/v2\/types\/page"}],"author":[{"embeddable":true,"href":"https:\/\/cpecheznouschezvous.org\/index.php?rest_route=\/wp\/v2\/users\/1"}],"replies":[{"embeddable":true,"href":"https:\/\/cpecheznouschezvous.org\/index.php?rest_route=%2Fwp%2Fv2%2Fcomments&post=661"}],"version-history":[{"count":11,"href":"https:\/\/cpecheznouschezvous.org\/index.php?rest_route=\/wp\/v2\/pages\/661\/revisions"}],"predecessor-version":[{"id":693,"href":"https:\/\/cpecheznouschezvous.org\/index.php?rest_route=\/wp\/v2\/pages\/661\/revisions\/693"}],"wp:attachment":[{"href":"https:\/\/cpecheznouschezvous.org\/index.php?rest_route=%2Fwp%2Fv2%2Fmedia&parent=661"}],"curies":[{"name":"wp","href":"https:\/\/api.w.org\/{rel}","templated":true}]}}